housands digit of q?
8
Let c = 19459 - 13178. What is the thousands digit of c?
6
Suppose -3*n + 214 = 4*i, -2*n - 3*i = -4*n + 137. What is the tens digit of n?
7
Suppose 36 = -4*u, -18*v + 19*v - 53664 = 3*u. What is the thousands digit of v?
3
Suppose -4*j = 3*j - 14. Suppose -4*a - c + 13 = 0, j = -0*a + 2*a + 2*c. Suppose -3*t = 4*p - t - 6, 0 = -4*p + a*t + 24. What is the units digit of p?
3
Let g = -261 - -618. Let l = g + -33. What is the units digit of l?
4
Let s(a) = a**3 + 19*a**2 - 26*a - 108. Suppose 5*n = 3*o + 40, 5*n + 12 = 2*n. What is the units digit of s(o)?
2
Let w(b) = 13*b**3 - 8*b**2 - 10*b + 126. What is the hundreds digit of w(7)?
1
Suppose 0 = -w - 0*w + f, f = -5*w + 30. Suppose 2*b - w*c - 479 = 0, -b - 721 = -4*b + 5*c. What is the hundreds digit of b?
2
Let f = -4319 - -7964. What is the hundreds digit of f?
6
Suppose 896 = -8332*g + 8340*g. Suppose m - 8 = -0. Suppose 6*s - m*s = -g. What is the tens digit of s?
5
Let y = 33 + -32. Suppose -5*r + 3*o = y, -4*r - 9 = -3*r - 5*o. What is the units digit of -120*(r + (-12)/8)?
0
Let g be -51*(-35)/14*80/6. Let v = g - 583. What is the thousands digit of v?
1
Suppose 6*i + u = 10*i - 9687, 5*u = 5*i - 12120. Suppose -w = 7*p - 3*p - i, -3*w + 3021 = 5*p. What is the tens digit of p?
0
Let h(v) be the second derivative of v**3/6 + 9*v**2 + 26*v. Let f be h(-14). Suppose f*i - 97 - 355 = 0. What is the units digit of i?
3
Let i be -33 + 32 + (440 - 0). Suppose -7*u = -i - 1871. What is the tens digit of u?
3
Let l(b) = b**3 - 3*b**2 - 7*b + 1. Let j = 32 + -18. Let d = j - 8. What is the units digit of l(d)?
7
Let s = 33870 + -18626. What is the units digit of s?
4
Let i = -16 - -13. Let j be i - (17 + -5)/(-4). Suppose j = 11*g - 10*g - 170. What is the units digit of g?
0
Suppose 4*h = 5*i + 41050, -16671 = -2*h - 3*i + 3865. What is the ten thousands digit of h?
1
Let g(t) = -8*t - 52. Let s be g(-7). Suppose -19*h + 6785 = s*h. What is the hundreds digit of h?
2
Let w(i) be the third derivative of -1/30*i**5 - 1/120*i**6 + 0 + 7*i**2 + 5/6*i**3 + 0*i + 7/24*i**4. What is the units digit of w(-6)?
7
Suppose -2*p = -p + f + 210, 0 = p + 2*f + 206. Let i = -130 - p. What is the tens digit of i?
8
Suppose 11 = 4*j - 1. Suppose -5*b - p + 0*p + 691 = 0, -2*b + 290 = -j*p. Suppose b - 51 = 4*r. What is the units digit of r?
2
Let x(y) = 268*y**2 - 4*y + 3. Let m be x(1). Suppose 4*d + m + 687 = 2*i, -2373 = -5*i - 2*d. What is the tens digit of i?
7
Suppose a - 37 = -5*i + 2*i, 25 = -5*a. Suppose m = -i*v + 18*v - 5852, v - m - 1463 = 0. What is the thousands digit of v?
1
Suppose 0 = -4*n + 16*n - 696. Suppose h = 5*k, 0 = 4*h + 3*k - n - 57. What is the tens digit of h?
2
Let q = -23 - -27. Let f be 1*q*(-18)/(-8). Let i(s) = 3*s**2 - 15*s + 34. What is the hundreds digit of i(f)?
1
Suppose 1689093 = -3346*o + 3367*o. What is the tens digit of o?
3
Let a = 142 - 140. Suppose -4*v - 3*j + 43 = 0, 35 = a*v + 2*v - 5*j. What is the tens digit of (5 - v)/(-30)*1374?
2
Suppose -4*w - b + 197432 = 0, 250*w - 98694 = 248*w + 5*b. What is the units digit of w?
7
Let o(y) = 164*y + 3942. What is the hundreds digit of o(49)?
9
Let t(m) = 1226*m + 1238. What is the thousands digit of t(14)?
8
Let y = -14 - 57. Let p = y - -921. What is the units digit of p?
0
Suppose -5*w + 6*w = -4*t - 10, -4*t + 14 = 5*w. Suppose -16*x = w*x - 17666. What is the hundreds digit of x?
8
Suppose 3*z + d + 2092 = 0, -6*d = 2*z - 3*d + 1390. What is the hundreds digit of (-12)/24 - z*(-2)/(-8)?
1
Let f = 20 - 30. Let p be (-54)/f + (-22)/55. What is the units digit of 39 - p/10*0?
9
Suppose 14*f - 165 = 9*f - 5*j, -91 = -3*f - 5*j. Suppose -36*z - 1945 = -f*z. What is the thousands digit of z?
1
Suppose 2*v + 2*u - 158 = 0, 3*v + 4*u = 3*u + 231. Suppose -216*b + 221*b + 2*z = 530, 188 = 2*b - 4*z. Let h = b - v. What is the units digit of h?
8
Let u = 54 - 61. What is the tens digit of u/14*3*644/(-3)?
2
Suppose -4*j + 4*i + 21448 = 0, -5*j - 6*i - 16083 = -8*j. What is the tens digit of j?
6
Let u(b) be the third derivative of b**6/180 + 5*b**4/12 + 2*b**3 + 4*b**2. Let o(j) be the first derivative of u(j). What is the units digit of o(5)?
0
Let w(q) = -12*q**2 + 15*q + 57. Let n be w(-3). What is the tens digit of (n/(-60))/(-1 - (-438)/435)?
3
Suppose 3*y - 9 = 0, x + y + 4*y = 17. Suppose -2*u + 8 = -x*q, 4*u + 4*q - 8 = -0. Suppose u*j = 6, 5*j - 92 = -2*z + 222. What is the units digit of z?
2
Let n(p) = p**2 + 20*p + 13. Let o be n(-12). Let c = -80 - o. Suppose 6*j - 489 = c*j. What is the hundreds digit of j?
1
Suppose 0 = j - 4, 0*j = o + 5*j - 17. Let x(v) = -42*v - 7. Let d be x(o). Suppose -2*z - 52 = -2*u, -4*u - 2*z = -z - d. What is the tens digit of u?
2
Let t be (0/(-1) - 3)*35/(-21). Suppose -t*f = 2*a - 3197 - 1163, 3*a = -2*f + 1755. What is the units digit of f?
0
Let b be (-170)/(-45) + -4 + 291/(-27). What is the units digit of b + 17 + 2/1?
8
Let k = 31811 - 20748. Suppose 19*d - 6*d - k = 0. What is the hundreds digit of d?
8
Suppose -5*k - 5*m + 58660 = 0, -4*k + 139*m + 46964 = 137*m. What is the ten thousands digit of k?
1
Let w(i) = 8*i + 27. Let u(h) be the first derivative of 7*h**2/2 + 27*h - 5. Let r(b) = 7*u(b) - 6*w(b). What is the units digit of r(13)?
0
Suppose -152 = -5*x - 2*i + 342, 3*x - 3*i - 288 = 0. What is the tens digit of (-48829)/(-154) - 7/x?
1
Suppose p + 20226 = 7*x, 2*x + 2*p + 5784 = 4*x. What is the units digit of x?
9
Let w be 184*(-10)/(120/(-99)). Suppose -22*g + 25*g = w. What is the tens digit of g?
0
Let a(x) = x + 18. Let p be a(-6). Suppose 7*s - 26 = -p. Suppose 4*g = -5*i + 277, -g - i = -s - 68. What is the tens digit of g?
7
Let g(w) = -2679*w - 7676. What is the tens digit of g(-6)?
9
Let h(o) = 9*o**2 + 37*o + 298. What is the thousands digit of h(-16)?
2
Let y(h) = 101*h**2 - 147*h + 600. What is the thousands digit of y(4)?
1
Suppose -16*x + 102944 = 28384. What is the units digit of (((-186)/(-155))/(3/x))/2?
2
Let j be -1 + ((-2)/8 - 89040/(-64)). Suppose 0 = 5*p + 5*d - j, p + 15*d - 10*d - 278 = 0. What is the units digit of p?
8
Let y(b) = 3182*b + 646. What is the thousands digit of y(4)?
3
Let u be -5 + 2*(-2)/4. What is the units digit of (-171)/u*(-28)/(-6)?
3
Suppose 5*v + 11 = 4*f + 129, f - 64 = -3*v. Suppose -5*j = 5*y - 0*j - 50, 3*y - v = -j. What is the units digit of (21/2*(-4)/y)/(-1)?
7
Suppose -2*l = 7*p - 4*p - 23262, -3*l = -0*l. What is the tens digit of p?
5
Let b(u) = 13*u**3 - 15*u**2 + 77*u - 10. What is the units digit of b(7)?
3
Let w(d) = -6 - 31 + 5 - 3*d + 1. Suppose -h = 3*k + 42, -3*k + 70 = -8*k - 2*h. What is the tens digit of w(k)?
1
Let g(a) = -5*a**2 - 16*a + 43. Let o be g(8). What is the units digit of (o/135)/(145/146 - 1)?
8
Let f = 6 - 4. What is the tens digit of (f*1/(-2))/((-2)/50)?
2
Let q(d) be the second derivative of -9*d**3/2 - 157*d**2/2 + 29*d - 1. What is the units digit of q(-13)?
4
Suppose 0*z + 12*z - 67704 = 0. Suppose 18*v - z = 12700. What is the tens digit of v?
1
Let q be 1 - 1 - (-1 - -6)*-1. Suppose 2955 - 674 = 3*n + q*s, 3064 = 4*n + s. What is the units digit of n?
7
Let y(f) = f**3 - 7*f**2 - 8*f - 1. Let l be (1 - 0)/((-1)/(-8)). Let d be y(l). What is the tens digit of 2*d + 1 + 85?
8
Let t(p) = 13*p + 7 + 16 + 126*p**2 - 21. Let j be t(4). What is the hundreds digit of (j/(-25))/6*(0 + -15)?
2
Suppose -o + 336 = s, -3*s + 0*s + 1006 = o. Let r = 712 - s. What is the hundreds digit of r?
3
Let u = 32 + -32. Suppose u*s - s = -4*s. Let r(t) = -t**3 + t**2 + t + 152. What is the tens digit of r(s)?
5
Suppose 2*l = -0*l. Suppose l = 4*m + 12, -2*u - 186 = u - 3*m. Let h = u - -105. What is the tens digit of h?
4
Let w(u) = -u**3 + u**2 - u - 16. Let x be w(0). Let l be (-7)/2*x/28. Suppose -3*s + 95 = -j, -5*s + 4*j = -l*s - 92. What is the tens digit of s?
3
Suppose 2*x - 2*h - 5677 = -3*h, 5*h - 15 = 0. Suppose 7*k - 320 - x = 0. What is the units digit of k?
1
Let z = 62 + -77. Let b = z - -613. What is the hundreds digit of b?
5
Let h(u) = -u**3 + 21*u**2 - 18*u + 50. Let o be h(17). Suppose 15*k - 3165 = -o. What is the hundreds digit of k?
1
Let d = -52 - -60. Let c(y) = -y**3 + 9*y**2 - 15. Let s be c(d). Let l = -44 + s. What is the units digit of 